-6 - -22. What is the greatest common factor of 1936 and w?
16
Suppose 0*l + 66 = -3*l. Let u(c) = -c**3 - 7*c**2 - 5*c + 4. Let o be u(-7). Let j = l + o. Calculate the greatest common factor of j and 187.
17
Let w(b) = -9*b - 5. Let u be w(-1). Suppose 5*a + 4*y = 2*y, 1 = 2*a + y. Let g be (36/(-15))/(a/10). What is the highest common divisor of u and g?
4
Let p = -63 + 192. What is the greatest common factor of p and 12?
3
Let f(j) = -j + 10. Let k be f(7). Suppose 0 = -x + 2 - k, -4*x - 144 = -5*o. Let u = 63 - -245. What is the greatest common factor of u and o?
28
Let s(v) = -2*v**2 + 47*v. Let b be s(24). Let m be (-2)/1 - (b - -9). What is the greatest common factor of 208 and m?
13
Let l(d) = -d**3 - d**2 - 7*d - 7. Let b be l(-4). Suppose 127 + b = 4*y. What is the highest common divisor of y and 7?
7
Let s = -1108 - -1119. Let k(z) = -z**3 - 2*z**2 - 3*z - 2. Let d be k(-5). What is the greatest common factor of d and s?
11
Let t = -91 + 107. Calculate the greatest common divisor of 80 and t.
16
Suppose 3*c + 2*c = 60. Let h(s) = -s**2 + 79*s - 352. Let j be h(5). Calculate the greatest common factor of c and j.
6
Suppose 25*n + 12054 = 66*n. What is the highest common divisor of 28 and n?
14
Let t be (-3 - -2)*3/6*-92. Calculate the highest common divisor of 805 and t.
23
Let j = -13 - -21. Suppose -51*q + 24 = -48*q. Calculate the greatest common factor of j and q.
8
Suppose 0 = 59*k + 7333 - 77189. Calculate the greatest common divisor of k and 96.
32
Let c(t) = -7*t**3 + 7*t**2 + 10*t + 2. Let g be c(-2). Let n = 11 + -5. Calculate the greatest common factor of g and n.
6
Let n(v) = -7*v**2 + 202*v + 47. Let d be n(29). Calculate the highest common divisor of d and 522.
18
Suppose -2*u = 39 - 109. Let s = -8 + 4. Let g be s + 5 + -2 - -211. What is the highest common factor of g and u?
35
Let q = -127 + 424. What is the highest common divisor of q and 33?
33
Let k = 24 + -9. Let j be (27/k)/((-12)/(-80)). Calculate the highest common divisor of 24 and j.
12
Suppose 2*p = 77 + 49. Calculate the highest common factor of p and 28.
7
Suppose 15 = -2*v + 55. Suppose 0 = -4*g + 8*g + 4*r - 24, -5*g + 66 = -4*r. Calculate the greatest common factor of g and v.
10
Suppose 66*k = 72*k - 108. What is the greatest common factor of 63 and k?
9
Let u(c) = -6*c + 112. Let l be u(12). Calculate the highest common divisor of 20 and l.
20
Suppose 10 = 5*p - 6*p. Let k(y) = -14*y - 14. Let a be k(p). What is the greatest common factor of 18 and a?
18
Let t = -141 + 150. Suppose 5*g = -w + 6*g + t, 0 = -3*w + g + 19. Let l = 63 - 28. Calculate the greatest common factor of w and l.
5
Suppose 27*v = 25*v - 4. Let d be v/(-5)*-3*(-455)/14. What is the highest common divisor of d and 13?
13
Let b be 6/(-60) + (-183)/(-30). What is the greatest common divisor of b and 16?
2
Let d(r) = 82*r**2 - 16*r - 14. Let z be d(-1). What is the highest common divisor of z and 819?
21
Suppose -2*d + 5*d - 5*v - 3 = 0, 3*v - 2 = -2*d. Suppose y = 3 + d. What is the greatest common divisor of y and 32?
4
Let g = 7 - 5. Suppose g*r = 5*u - 0*r - 6, 8 = 3*u + r. Let v be 94/18 - u/9. Calculate the highest common factor of v and 35.
5
Suppose 3*z + 3*p + 53 = 908, 3*z + 2*p = 854. Calculate the highest common factor of z and 4.
4
Suppose -2*x = 5*u + 3*x, 5*u - x = 0. Let j(k) = k**2 + k + 6. Let r be j(u). Let g = 64 + -34. Calculate the highest common divisor of r and g.
6
Let w(a) = 2*a**2 - 13*a - 12. Let q be w(9). What is the greatest common factor of 1419 and q?
33
Let t(j) = -1 - 2*j**2 - 2*j**3 + 7*j**2 + j**3 - j**2. Let p be t(-3). Let u = 97 - p. What is the greatest common divisor of 5 and u?
5
Let u be -9 + 7 + (1 - -25). Let y(t) = 8*t + 72. Let i be y(0). Calculate the greatest common divisor of u and i.
24
Let z be 6 + (-3 - 0/3). Let u be 3*(z + -2) + 1. Suppose u*s = 9 + 31. Calculate the greatest common factor of s and 90.
10
Suppose -2*k + 2*p - 16 + 2 = 0, -25 = 5*k + 5*p. Let l = k + 83. Calculate the highest common divisor of l and 7.
7
Let h(s) = 3*s + 18. Let i be h(-11). Let x be (i/(-9))/5*39. Calculate the greatest common factor of x and 65.
13
Let p(x) = -x**2 - 22*x + 73. Let k be p(-24). Calculate the greatest common factor of k and 55.
5
Suppose 1642 = 105*o - 563. What is the greatest common divisor of 217 and o?
7
Let w = 53 + -27. Let h = -18 + w. What is the greatest common divisor of h and 96?
8
Suppose 0 = -4*r + 2*z + 92, 2*z = -5*r + 91 + 33. Calculate the highest common factor of 3 and r.
3
Let n(h) = -h + 30. Let d = -2 + -2. Let a(p) = -2*p - 8. Let z be a(d). Let b be n(z). What is the greatest common divisor of b and 45?
15
Let g be 3 + (-16)/(-4) + -7. Suppose 2*m + 2*m - 44 = g. Let x(y) = -y**3 + 11*y**2 + 8. Let a be x(m). Calculate the greatest common factor of a and 20.
4
Let v = -12 + 15. Suppose -z - 5*j - 55 = -v*z, 3*z = 3*j + 105. Suppose 16*r - z = 11*r. What is the highest common divisor of 24 and r?
8
Let z = -1742 + 1812. What is the highest common divisor of 40 and z?
10
Let h(t) = 18*t + 28 + 23*t - 47*t + 11*t**2. Let y be h(4). Calculate the highest common divisor of y and 30.
30
Suppose 0 = 12*a - 109 - 551. What is the greatest common divisor of 88 and a?
11
Suppose -2*z + 239 - 59 = 0. Let n = 115 - z. Calculate the highest common divisor of n and 10.
5
Let k(r) = 16*r + 482. Let h be k(-30). Let j(b) = b**3 - 4*b**2 - 3*b - 1. Let g be j(5). Let n = 21 - g. Calculate the highest common factor of n and h.
2
Let w = -100 - -65. Let g(p) = -7*p + 6. Let s be g(-7). Let n = s + w. Calculate the highest common divisor of 100 and n.
20
Suppose -39 + 11 = -4*b. Let a(q) = -q**2 + 9*q - 10. Let o be a(b). Let z be (-2 + o)*(1 - 0). What is the highest common factor of 20 and z?
2
Let i = -13 - -25. Suppose -493 - 115 = 8*h. Let o = h + 84. What is the greatest common factor of i and o?
4
Suppose -56 - 2 = -s + v, -5*v - 20 = 0. Let q = 79 + -43. Calculate the highest common factor of q and s.
18
Let h be 3375/243 - 2/(-18). What is the highest common divisor of 7 and h?
7
Let v(a) = -13*a**2 - 86*a + 38. Let g be v(-6). What is the greatest common divisor of 43 and g?
43
Let q = 142 + -109. Calculate the greatest common factor of q and 627.
33
Let m(c) = -4*c + 52. Let n be m(-39). What is the highest common factor of 13 and n?
13
Suppose -6*m + 14 = 80. Let s be (-3)/((-12)/110) + m/(-22). Calculate the greatest common factor of 49 and s.
7
Suppose -18 = 14*l - 15*l. Let v be l/(-81) + 1518/27. Calculate the highest common factor of v and 8.
8
Suppose 5*r - 31 = -1. Let v(c) = c**2 - c - 2. Let o be v(-1). Suppose o*k + h = -k + 41, 5*h + 47 = k. What is the highest common divisor of k and r?
6
Suppose 42 = -29*s + 303. Calculate the greatest common divisor of s and 99.
9
Suppose 19*t - 24*t = -4*x + 325, -2*x = 5*t - 155. Calculate the greatest common factor of 16 and x.
16
Suppose 2*p = -0*p + 152. Suppose y - p = -4. Suppose -8*x = -46 - 18. Calculate the highest common divisor of y and x.
8
Let a(p) = 2*p**3 + 12*p**2 - 15*p - 109. Let g be a(-5). Calculate the greatest common divisor of g and 3104.
16
Suppose 5*h - 5*t - 79 - 6 = 0, 5*h - 82 = 4*t. Suppose -n - 105 = -4*n. What is the highest common factor of h and n?
7
Let s(k) = k - 1. Let o = 14 - 9. Let i be s(o). Let q(h) = -h + 40. Let l be q(20). What is the greatest common divisor of i and l?
4
Suppose 8*o = 7*o + 34. Suppose 3*k = -6, -3*k - o = -2*a + 2*k. Calculate the highest common factor of a and 60.
12
Let b(s) be the second derivative of -2*s + 0 - 1/3*s**3 - s**2. Let h be b(-4). Calculate the highest common divisor of 24 and h.
6
Suppose 914 = 2*q + 906. Calculate the greatest common divisor of q and 83.
1
Suppose 0 = 7*a - 4*a - 21. Let n(m) = m**2 + 2*m + 1 - a + m + 0*m. Let k be n(3). Calculate the greatest common divisor of 48 and k.
12
Let n(v) = -v**3 - 3*v**2 + 12*v + 10. Let y be n(-8). Suppose -3*i + 2*a + 148 = 0, 6*a - y = -5*i + 3*a. Calculate the highest common divisor of 6 and i.
6
Let a = 519 + 66. Calculate the highest common factor of 65 and a.
65
Let i(a) = a**3 + 9*a**2 + 5*a - 16. Let v be i(-8). What is the greatest common divisor of 152 and v?
8
Suppose 4*j + 5*a = 36, 0 = 4*j - 4*a - 3 - 33. Let h = -1491 